{"id":269122,"date":"2019-07-31T17:06:51","date_gmt":"2019-07-31T15:06:51","guid":{"rendered":"https:\/\/luba.ch\/immobilien\/470739de-villa-individuelle-lac-de-morat\/"},"modified":"2026-05-03T07:19:52","modified_gmt":"2026-05-03T05:19:52","slug":"470739de-villa-individuelle-lac-de-morat","status":"publish","type":"casawp_property","link":"https:\/\/luba.ch\/de\/immobilien\/470739de-villa-individuelle-lac-de-morat\/","title":{"rendered":"Villa individuelle &#8211; lac de Morat"},"content":{"rendered":"<h2>Maison individuelle \u00e0 proximit\u00e9 du Lac de Morat<\/h2>\n<p><p><strong>Rez inf\u00e9rieur<\/strong><br \/>1 chambre, WC, douche, sauna\/fitness, disponible\/buanderie, chauffage, cave<\/p>\n<p><strong>Rez sup\u00e9rieur<\/strong><br \/>Entr\u00e9e, salle de bains, cuisine ouverte sur espace mang\u00e9, s\u00e9jour avec chemin\u00e9e, 2 chambres, acc\u00e8s sur la terrasse couverte et le jardin.<\/p>\n<p><strong>Ext\u00e9rieurs<\/strong><br \/>Garage, places de parc, r\u00e9duit de jardin<\/p><\/p>\n","protected":false},"excerpt":{"rendered":"<p>Maison individuelle \u00e0 proximit\u00e9 du Lac de Morat Rez inf\u00e9rieur1 chambre, WC, douche, sauna\/fitness, disponible\/buanderie, chauffage, cave Rez sup\u00e9rieurEntr\u00e9e, salle de bains, cuisine ouverte sur espace mang\u00e9, s\u00e9jour avec chemin\u00e9e, 2 chambres, acc\u00e8s sur la terrasse couverte et le jardin. Ext\u00e9rieursGarage, places de parc, r\u00e9duit de jardin<\/p>\n","protected":false},"author":0,"featured_media":269123,"parent":0,"menu_order":2,"comment_status":"closed","ping_status":"closed","template":"","meta":{"_acf_changed":false,"inline_featured_image":false,"footnotes":""},"casawp_category":[40],"casawp_feature":[],"casawp_utility":[27],"casawp_location":[58,15,28],"casawp_salestype":[62],"casawp_availability":[63],"casawp_region":[],"class_list":["post-269122","casawp_property","type-casawp_property","status-publish","has-post-thumbnail","hentry","casawp_category-single-house","casawp_utility-residential","casawp_location-locality_avenches","casawp_location-country_ch","casawp_location-region_vd","casawp_salestype-rent","casawp_availability-taken"],"acf":[],"yoast_head":"<!-- This site is optimized with the Yoast SEO plugin v27.5 - https:\/\/yoast.com\/product\/yoast-seo-wordpress\/ -->\n<title>Villa individuelle - lac de Morat - Luba<\/title>\n<meta name=\"robots\" content=\"index, follow, max-snippet:-1, max-image-preview:large, max-video-preview:-1\" \/>\n<link rel=\"canonical\" href=\"https:\/\/luba.ch\/immobilien\/470739fr-villa-individuelle-lac-de-morat\/\" \/>\n<meta property=\"og:locale\" content=\"de_DE\" \/>\n<meta property=\"og:type\" content=\"article\" \/>\n<meta property=\"og:title\" content=\"Villa individuelle - lac de Morat - Luba\" \/>\n<meta property=\"og:description\" content=\"Maison individuelle \u00e0 proximit\u00e9 du Lac de Morat Rez inf\u00e9rieur1 chambre, WC, douche, sauna\/fitness, disponible\/buanderie, chauffage, cave Rez sup\u00e9rieurEntr\u00e9e, salle de bains, cuisine ouverte sur espace mang\u00e9, s\u00e9jour avec chemin\u00e9e, 2 chambres, acc\u00e8s sur la terrasse couverte et le jardin. Ext\u00e9rieursGarage, places de parc, r\u00e9duit de jardin\" \/>\n<meta property=\"og:url\" content=\"https:\/\/luba.ch\/immobilien\/470739fr-villa-individuelle-lac-de-morat\/\" \/>\n<meta property=\"og:site_name\" content=\"Luba\" \/>\n<meta property=\"article:modified_time\" content=\"2026-05-03T05:19:52+00:00\" \/>\n<meta name=\"twitter:card\" content=\"summary_large_image\" \/>\n<script type=\"application\/ld+json\" class=\"yoast-schema-graph\">{\"@context\":\"https:\\\/\\\/schema.org\",\"@graph\":[{\"@type\":\"WebPage\",\"@id\":\"https:\\\/\\\/luba.ch\\\/immobilien\\\/470739fr-villa-individuelle-lac-de-morat\\\/\",\"url\":\"https:\\\/\\\/luba.ch\\\/immobilien\\\/470739fr-villa-individuelle-lac-de-morat\\\/\",\"name\":\"Villa individuelle - lac de Morat - Luba\",\"isPartOf\":{\"@id\":\"https:\\\/\\\/luba.ch\\\/#website\"},\"primaryImageOfPage\":{\"@id\":\"https:\\\/\\\/luba.ch\\\/immobilien\\\/470739fr-villa-individuelle-lac-de-morat\\\/#primaryimage\"},\"image\":{\"@id\":\"https:\\\/\\\/luba.ch\\\/immobilien\\\/470739fr-villa-individuelle-lac-de-morat\\\/#primaryimage\"},\"thumbnailUrl\":\"https:\\\/\\\/cdn.casasoft.com\\\/media\\\/provider-9706\\\/property-470739\\\/2c280e03215033e8383a3487e9c22ceb.jpg?p=xl\",\"datePublished\":\"2019-07-31T15:06:51+00:00\",\"dateModified\":\"2026-05-03T05:19:52+00:00\",\"breadcrumb\":{\"@id\":\"https:\\\/\\\/luba.ch\\\/immobilien\\\/470739fr-villa-individuelle-lac-de-morat\\\/#breadcrumb\"},\"inLanguage\":\"de\",\"potentialAction\":[{\"@type\":\"ReadAction\",\"target\":[\"https:\\\/\\\/luba.ch\\\/immobilien\\\/470739fr-villa-individuelle-lac-de-morat\\\/\"]}]},{\"@type\":\"ImageObject\",\"inLanguage\":\"de\",\"@id\":\"https:\\\/\\\/luba.ch\\\/immobilien\\\/470739fr-villa-individuelle-lac-de-morat\\\/#primaryimage\",\"url\":\"https:\\\/\\\/cdn.casasoft.com\\\/media\\\/provider-9706\\\/property-470739\\\/2c280e03215033e8383a3487e9c22ceb.jpg?p=xl\",\"contentUrl\":\"https:\\\/\\\/cdn.casasoft.com\\\/media\\\/provider-9706\\\/property-470739\\\/2c280e03215033e8383a3487e9c22ceb.jpg?p=xl\"},{\"@type\":\"BreadcrumbList\",\"@id\":\"https:\\\/\\\/luba.ch\\\/immobilien\\\/470739fr-villa-individuelle-lac-de-morat\\\/#breadcrumb\",\"itemListElement\":[{\"@type\":\"ListItem\",\"position\":1,\"name\":\"Accueil\",\"item\":\"https:\\\/\\\/luba.ch\\\/de\\\/\"},{\"@type\":\"ListItem\",\"position\":2,\"name\":\"Propri\u00e9t\u00e9s\",\"item\":\"https:\\\/\\\/luba.ch\\\/immobilien\\\/\"},{\"@type\":\"ListItem\",\"position\":3,\"name\":\"Villa individuelle &#8211; lac de Morat\"}]},{\"@type\":\"WebSite\",\"@id\":\"https:\\\/\\\/luba.ch\\\/#website\",\"url\":\"https:\\\/\\\/luba.ch\\\/\",\"name\":\"Luba\",\"description\":\"Courtage &amp; Estimations Immobilie\u0300res \",\"publisher\":{\"@id\":\"https:\\\/\\\/luba.ch\\\/#organization\"},\"potentialAction\":[{\"@type\":\"SearchAction\",\"target\":{\"@type\":\"EntryPoint\",\"urlTemplate\":\"https:\\\/\\\/luba.ch\\\/?s={search_term_string}\"},\"query-input\":{\"@type\":\"PropertyValueSpecification\",\"valueRequired\":true,\"valueName\":\"search_term_string\"}}],\"inLanguage\":\"de\"},{\"@type\":\"Organization\",\"@id\":\"https:\\\/\\\/luba.ch\\\/#organization\",\"name\":\"Luba\",\"url\":\"https:\\\/\\\/luba.ch\\\/\",\"logo\":{\"@type\":\"ImageObject\",\"inLanguage\":\"de\",\"@id\":\"https:\\\/\\\/luba.ch\\\/#\\\/schema\\\/logo\\\/image\\\/\",\"url\":\"https:\\\/\\\/luba.ch\\\/wp-content\\\/uploads\\\/sites\\\/20\\\/2019\\\/05\\\/Logo-luba.svg\",\"contentUrl\":\"https:\\\/\\\/luba.ch\\\/wp-content\\\/uploads\\\/sites\\\/20\\\/2019\\\/05\\\/Logo-luba.svg\",\"caption\":\"Luba\"},\"image\":{\"@id\":\"https:\\\/\\\/luba.ch\\\/#\\\/schema\\\/logo\\\/image\\\/\"}}]}<\/script>\n<!-- \/ Yoast SEO plugin. -->","yoast_head_json":{"title":"Villa individuelle - lac de Morat - Luba","robots":{"index":"index","follow":"follow","max-snippet":"max-snippet:-1","max-image-preview":"max-image-preview:large","max-video-preview":"max-video-preview:-1"},"canonical":"https:\/\/luba.ch\/immobilien\/470739fr-villa-individuelle-lac-de-morat\/","og_locale":"de_DE","og_type":"article","og_title":"Villa individuelle - lac de Morat - Luba","og_description":"Maison individuelle \u00e0 proximit\u00e9 du Lac de Morat Rez inf\u00e9rieur1 chambre, WC, douche, sauna\/fitness, disponible\/buanderie, chauffage, cave Rez sup\u00e9rieurEntr\u00e9e, salle de bains, cuisine ouverte sur espace mang\u00e9, s\u00e9jour avec chemin\u00e9e, 2 chambres, acc\u00e8s sur la terrasse couverte et le jardin. Ext\u00e9rieursGarage, places de parc, r\u00e9duit de jardin","og_url":"https:\/\/luba.ch\/immobilien\/470739fr-villa-individuelle-lac-de-morat\/","og_site_name":"Luba","article_modified_time":"2026-05-03T05:19:52+00:00","twitter_card":"summary_large_image","schema":{"@context":"https:\/\/schema.org","@graph":[{"@type":"WebPage","@id":"https:\/\/luba.ch\/immobilien\/470739fr-villa-individuelle-lac-de-morat\/","url":"https:\/\/luba.ch\/immobilien\/470739fr-villa-individuelle-lac-de-morat\/","name":"Villa individuelle - lac de Morat - Luba","isPartOf":{"@id":"https:\/\/luba.ch\/#website"},"primaryImageOfPage":{"@id":"https:\/\/luba.ch\/immobilien\/470739fr-villa-individuelle-lac-de-morat\/#primaryimage"},"image":{"@id":"https:\/\/luba.ch\/immobilien\/470739fr-villa-individuelle-lac-de-morat\/#primaryimage"},"thumbnailUrl":"https:\/\/cdn.casasoft.com\/media\/provider-9706\/property-470739\/2c280e03215033e8383a3487e9c22ceb.jpg?p=xl","datePublished":"2019-07-31T15:06:51+00:00","dateModified":"2026-05-03T05:19:52+00:00","breadcrumb":{"@id":"https:\/\/luba.ch\/immobilien\/470739fr-villa-individuelle-lac-de-morat\/#breadcrumb"},"inLanguage":"de","potentialAction":[{"@type":"ReadAction","target":["https:\/\/luba.ch\/immobilien\/470739fr-villa-individuelle-lac-de-morat\/"]}]},{"@type":"ImageObject","inLanguage":"de","@id":"https:\/\/luba.ch\/immobilien\/470739fr-villa-individuelle-lac-de-morat\/#primaryimage","url":"https:\/\/cdn.casasoft.com\/media\/provider-9706\/property-470739\/2c280e03215033e8383a3487e9c22ceb.jpg?p=xl","contentUrl":"https:\/\/cdn.casasoft.com\/media\/provider-9706\/property-470739\/2c280e03215033e8383a3487e9c22ceb.jpg?p=xl"},{"@type":"BreadcrumbList","@id":"https:\/\/luba.ch\/immobilien\/470739fr-villa-individuelle-lac-de-morat\/#breadcrumb","itemListElement":[{"@type":"ListItem","position":1,"name":"Accueil","item":"https:\/\/luba.ch\/de\/"},{"@type":"ListItem","position":2,"name":"Propri\u00e9t\u00e9s","item":"https:\/\/luba.ch\/immobilien\/"},{"@type":"ListItem","position":3,"name":"Villa individuelle &#8211; lac de Morat"}]},{"@type":"WebSite","@id":"https:\/\/luba.ch\/#website","url":"https:\/\/luba.ch\/","name":"Luba","description":"Courtage &amp; Estimations Immobilie\u0300res ","publisher":{"@id":"https:\/\/luba.ch\/#organization"},"potentialAction":[{"@type":"SearchAction","target":{"@type":"EntryPoint","urlTemplate":"https:\/\/luba.ch\/?s={search_term_string}"},"query-input":{"@type":"PropertyValueSpecification","valueRequired":true,"valueName":"search_term_string"}}],"inLanguage":"de"},{"@type":"Organization","@id":"https:\/\/luba.ch\/#organization","name":"Luba","url":"https:\/\/luba.ch\/","logo":{"@type":"ImageObject","inLanguage":"de","@id":"https:\/\/luba.ch\/#\/schema\/logo\/image\/","url":"https:\/\/luba.ch\/wp-content\/uploads\/sites\/20\/2019\/05\/Logo-luba.svg","contentUrl":"https:\/\/luba.ch\/wp-content\/uploads\/sites\/20\/2019\/05\/Logo-luba.svg","caption":"Luba"},"image":{"@id":"https:\/\/luba.ch\/#\/schema\/logo\/image\/"}}]}},"_links":{"self":[{"href":"https:\/\/luba.ch\/de\/wp-json\/wp\/v2\/casawp_property\/269122","targetHints":{"allow":["GET"]}}],"collection":[{"href":"https:\/\/luba.ch\/de\/wp-json\/wp\/v2\/casawp_property"}],"about":[{"href":"https:\/\/luba.ch\/de\/wp-json\/wp\/v2\/types\/casawp_property"}],"replies":[{"embeddable":true,"href":"https:\/\/luba.ch\/de\/wp-json\/wp\/v2\/comments?post=269122"}],"version-history":[{"count":0,"href":"https:\/\/luba.ch\/de\/wp-json\/wp\/v2\/casawp_property\/269122\/revisions"}],"wp:featuredmedia":[{"embeddable":true,"href":"https:\/\/luba.ch\/de\/wp-json\/wp\/v2\/media\/269123"}],"wp:attachment":[{"href":"https:\/\/luba.ch\/de\/wp-json\/wp\/v2\/media?parent=269122"}],"wp:term":[{"taxonomy":"casawp_category","embeddable":true,"href":"https:\/\/luba.ch\/de\/wp-json\/wp\/v2\/casawp_category?post=269122"},{"taxonomy":"casawp_feature","embeddable":true,"href":"https:\/\/luba.ch\/de\/wp-json\/wp\/v2\/casawp_feature?post=269122"},{"taxonomy":"casawp_utility","embeddable":true,"href":"https:\/\/luba.ch\/de\/wp-json\/wp\/v2\/casawp_utility?post=269122"},{"taxonomy":"casawp_location","embeddable":true,"href":"https:\/\/luba.ch\/de\/wp-json\/wp\/v2\/casawp_location?post=269122"},{"taxonomy":"casawp_salestype","embeddable":true,"href":"https:\/\/luba.ch\/de\/wp-json\/wp\/v2\/casawp_salestype?post=269122"},{"taxonomy":"casawp_availability","embeddable":true,"href":"https:\/\/luba.ch\/de\/wp-json\/wp\/v2\/casawp_availability?post=269122"},{"taxonomy":"casawp_region","embeddable":true,"href":"https:\/\/luba.ch\/de\/wp-json\/wp\/v2\/casawp_region?post=269122"}],"curies":[{"name":"wp","href":"https:\/\/api.w.org\/{rel}","templated":true}]}}

<h2>Maison individuelle à proximité du Lac de Morat</h2>
<p><p><strong>Rez inférieur</strong><br />1 chambre, WC, douche, sauna/fitness, disponible/buanderie, chauffage, cave</p>
<p><strong>Rez supérieur</strong><br />Entrée, salle de bains, cuisine ouverte sur espace mangé, séjour avec cheminée, 2 chambres, accès sur la terrasse couverte et le jardin.</p>
<p><strong>Extérieurs</strong><br />Garage, places de parc, réduit de jardin</p></p>

<p>Maison individuelle à proximité du Lac de Morat Rez inférieur1 chambre, WC, douche, sauna/fitness, disponible/buanderie, chauffage, cave Rez supérieurEntrée, salle de bains, cuisine ouverte sur espace mangé, séjour avec cheminée, 2 chambres, accès sur la terrasse couverte et le jardin. ExtérieursGarage, places de parc, réduit de jardin</p>

<!-- This site is optimized with the Yoast SEO plugin v27.5 - https://yoast.com/product/yoast-seo-wordpress/ -->
<title>Villa individuelle - lac de Morat - Luba</title>
<meta name="robots" content="index, follow, max-snippet:-1, max-image-preview:large, max-video-preview:-1" />
<link rel="canonical" href="https://luba.ch/immobilien/470739fr-villa-individuelle-lac-de-morat/" />
<meta property="og:locale" content="de_DE" />
<meta property="og:type" content="article" />
<meta property="og:title" content="Villa individuelle - lac de Morat - Luba" />
<meta property="og:description" content="Maison individuelle à proximité du Lac de Morat Rez inférieur1 chambre, WC, douche, sauna/fitness, disponible/buanderie, chauffage, cave Rez supérieurEntrée, salle de bains, cuisine ouverte sur espace mangé, séjour avec cheminée, 2 chambres, accès sur la terrasse couverte et le jardin. ExtérieursGarage, places de parc, réduit de jardin" />
<meta property="og:url" content="https://luba.ch/immobilien/470739fr-villa-individuelle-lac-de-morat/" />
<meta property="og:site_name" content="Luba" />
<meta property="article:modified_time" content="2026-05-03T05:19:52+00:00" />
<meta name="twitter:card" content="summary_large_image" />
<script type="application/ld+json" class="yoast-schema-graph">{"@context":"https:\/\/schema.org","@graph":[{"@type":"WebPage","@id":"https:\/\/luba.ch\/immobilien\/470739fr-villa-individuelle-lac-de-morat\/","url":"https:\/\/luba.ch\/immobilien\/470739fr-villa-individuelle-lac-de-morat\/","name":"Villa individuelle - lac de Morat - Luba","isPartOf":{"@id":"https:\/\/luba.ch\/#website"},"primaryImageOfPage":{"@id":"https:\/\/luba.ch\/immobilien\/470739fr-villa-individuelle-lac-de-morat\/#primaryimage"},"image":{"@id":"https:\/\/luba.ch\/immobilien\/470739fr-villa-individuelle-lac-de-morat\/#primaryimage"},"thumbnailUrl":"https:\/\/cdn.casasoft.com\/media\/provider-9706\/property-470739\/2c280e03215033e8383a3487e9c22ceb.jpg?p=xl","datePublished":"2019-07-31T15:06:51+00:00","dateModified":"2026-05-03T05:19:52+00:00","breadcrumb":{"@id":"https:\/\/luba.ch\/immobilien\/470739fr-villa-individuelle-lac-de-morat\/#breadcrumb"},"inLanguage":"de","potentialAction":[{"@type":"ReadAction","target":["https:\/\/luba.ch\/immobilien\/470739fr-villa-individuelle-lac-de-morat\/"]}]},{"@type":"ImageObject","inLanguage":"de","@id":"https:\/\/luba.ch\/immobilien\/470739fr-villa-individuelle-lac-de-morat\/#primaryimage","url":"https:\/\/cdn.casasoft.com\/media\/provider-9706\/property-470739\/2c280e03215033e8383a3487e9c22ceb.jpg?p=xl","contentUrl":"https:\/\/cdn.casasoft.com\/media\/provider-9706\/property-470739\/2c280e03215033e8383a3487e9c22ceb.jpg?p=xl"},{"@type":"BreadcrumbList","@id":"https:\/\/luba.ch\/immobilien\/470739fr-villa-individuelle-lac-de-morat\/#breadcrumb","itemListElement":[{"@type":"ListItem","position":1,"name":"Accueil","item":"https:\/\/luba.ch\/de\/"},{"@type":"ListItem","position":2,"name":"Propriétés","item":"https:\/\/luba.ch\/immobilien\/"},{"@type":"ListItem","position":3,"name":"Villa individuelle &#8211; lac de Morat"}]},{"@type":"WebSite","@id":"https:\/\/luba.ch\/#website","url":"https:\/\/luba.ch\/","name":"Luba","description":"Courtage &amp; Estimations Immobilières ","publisher":{"@id":"https:\/\/luba.ch\/#organization"},"potentialAction":[{"@type":"SearchAction","target":{"@type":"EntryPoint","urlTemplate":"https:\/\/luba.ch\/?s={search_term_string}"},"query-input":{"@type":"PropertyValueSpecification","valueRequired":true,"valueName":"search_term_string"}}],"inLanguage":"de"},{"@type":"Organization","@id":"https:\/\/luba.ch\/#organization","name":"Luba","url":"https:\/\/luba.ch\/","logo":{"@type":"ImageObject","inLanguage":"de","@id":"https:\/\/luba.ch\/#\/schema\/logo\/image\/","url":"https:\/\/luba.ch\/wp-content\/uploads\/sites\/20\/2019\/05\/Logo-luba.svg","contentUrl":"https:\/\/luba.ch\/wp-content\/uploads\/sites\/20\/2019\/05\/Logo-luba.svg","caption":"Luba"},"image":{"@id":"https:\/\/luba.ch\/#\/schema\/logo\/image\/"}}]}</script>
<!-- / Yoast SEO plugin. -->

Maison individuelle à proximité du Lac de Morat Rez inférieur1 chambre, WC, douche, sauna/fitness, disponible/buanderie, chauffage, cave Rez supérieurEntrée, salle de bains, cuisine ouverte sur espace mangé, séjour avec cheminée, 2 chambres, accès sur la terrasse couverte et le jardin. ExtérieursGarage, places de parc, réduit de jardin

Propriétés
